termine p(-6).
5
Let f(l) be the third derivative of -l**5/60 + l**4/12 + 2*l**3/3 + 411*l**2. What is f(5)?
-11
Let w(k) = 14*k**3 - 37*k**2 - 29*k + 24. Let f(o) = 5*o**3 - 13*o**2 - 10*o + 8. Let v(b) = 11*f(b) - 4*w(b). Give v(5).
22
Suppose -44*c = 7*c + 357. Let g(v) = -4*v - 8. Calculate g(c).
20
Let k be 3*1 - (1 + 5). Let p(z) = z**2 - 8*z + 5. Let c(d) = -2*d**2 + 9*d - 6. Suppose 9 = -3*u, 2*f + f - 2*u = 0. Let l(w) = f*c(w) + k*p(w). Give l(-6).
-3
Let c(m) = -m**3 + 5*m**2 + 4*m + 7. Suppose -3*n = 11*n - 70. Calculate c(n).
27
Let o(h) = h**2 + 2*h - 4. Let c be o(0). Let d(v) = v - 1. What is d(c)?
-5
Let b(o) = o**2 - 11*o. Suppose 2*h = -v + 25, 5*h - 2*v - 56 + 16 = 0. Determine b(h).
-10
Let d = 31 + -31. Let g(k) be the third derivative of -3*k**2 + 0*k - 1/6*k**3 + d + 0*k**4 - 4/15*k**5. What is g(1)?
-17
Let z(p) = p**2 - p - 1. Let r(o) = -2*o**2 - 5*o - 5. Let v(w) = r(w) - 5*z(w). What is v(1)?
-7
Let n(v) = -25*v + 283. Let y be n(11). Let b(m) = m**3 - 7*m**2 - 11*m + 7. What is b(y)?
-17
Let q(f) = -3*f + 1. Let k(u) = -20*u + 15. Let x(h) = k(h) - 6*q(h). Calculate x(5).
-1
Let v(a) be the third derivative of a**6/120 + a**5/12 - 5*a**4/24 + a**3/6 + 82*a**2. Calculate v(-6).
-5
Let d(k) = k**2 - 9*k - 14. Suppose 50 = 3*b + 4*l, -2*b + 2*l = -0*l - 10. Calculate d(b).
-4
Let z(l) = -5*l - 1. Suppose -5*r - 2*x + 2 = -1, -11 = 3*r - 2*x. Let s(p) = 5*p**3 + 2*p**2 - 1. Let m be s(r). Give z(m).
19
Let h = 17 - 11. Let n(o) = -o + 5*o**3 - 3*o**3 + 2*o**2 + 3 + 3*o - 3*o**3. Let w(m) = m**2 - m. Let y(s) = -n(s) - 4*w(s). Give y(h).
9
Let q be ((-321)/(-9))/1 + 1/3. Let l = -40 + q. Let h(i) = -i**3 - 5*i**2 - 4*i - 2. Give h(l).
-2
Suppose 2*v = -5*z - 22, 19 + 4 = -3*v - 5*z. Suppose 15 - 3 = 4*p. Let d(k) = k - k - p*k. Give d(v).
3
Let y(d) = 1856*d - d**2 - 3 + 1857*d + 2*d**2 - 3719*d. What is y(-2)?
13
Let u = 103 + -95. Let d(b) = 7*b - 9. Let g(x) = 13*x - 17. Let q(t) = -5*t - 1. Let n be q(1). Let p(v) = n*g(v) + 11*d(v). Give p(u).
-5
Let g(v) = -v**3 + v**2 + 3*v + 1. Let n be (3*3)/(-114 + 117). Give g(n).
-8
Let p be (4/(-10))/((-3)/(-15)). Let t(x) = -3*x + 38. Let o be t(12). Let s(m) = -o + 2*m + 4 + 3*m - 3*m. What is s(p)?
-2
Suppose u - 2 = -0*u. Let v(b) = 4 + 0 + 509953*b - 509955*b - 1. What is v(u)?
-1
Let w(x) be the first derivative of -5*x**3/3 + 8*x - 7. Let v(b) = 4*b**2 + b - 7. Let f(d) = 4*v(d) + 3*w(d). Let m be -7 + 6/(-2) + 5. Calculate f(m).
1
Let c(k) = 2*k + 6. Let g be c(-5). Suppose -4*f - 2*v + 14 = 0, -32 = -f + 5*v - 12. Let b(p) = 0*p**2 + 4 + p**2 - 3*p**2 - f*p. Give b(g).
-8
Let o(q) = -q - 13. Suppose 11 = 5*h + 1. Let r be -10 + (2 - h) + -1. Calculate o(r).
-2
Let y(f) = -4*f**3 + 2*f**3 + f + 36 + 3*f**3 + 9*f**2 - 17 + 11*f**2. Give y(-20).
-1
Let m(g) be the second derivative of g**4/12 + 2*g**3 + 7*g**2 + 3*g - 4. Calculate m(-11).
3
Let n(o) be the second derivative of -o**7/840 + o**6/72 - o**4/8 - o**3/6 - 15*o. Let v(r) be the second derivative of n(r). Let c = 1 - -4. Determine v(c).
-3
Let h(b) = 7*b. Let r be h(-1). Let f be r + 11 - (2 + 7). Let u(q) = q**3 + 4*q**2 - 4*q. Give u(f).
-5
Let o(q) = q**2 + 3*q - 7. Let f = 565 + -569. Calculate o(f).
-3
Let r(x) = -31*x**2 - 33*x + 51. Let v(q) = 17*q**2 + 17*q - 25. Let i(g) = -6*r(g) - 11*v(g). Determine i(8).
-7
Let a = 36 - 34. Suppose 0 = -4*o - f, -a*f + f = -5*o. Let l(s) = s + 4 - 2*s**2 + s**2 + 0*s. Calculate l(o).
4
Let f = 2 + 2. Suppose -2*m = -f*m + 12. Let k(q) = -q**2 - 2 + 2*q - m + 0*q**2 + 7. Determine k(1).
0
Let s(n) = n**3 - 4*n**2 - 2*n + 2. Let f = 54 + -56. Let r be f*(2/(-5) + (-55)/50). Calculate s(r).
-13
Let o(z) be the second derivative of 11*z**3/6 + z**2 - 72*z. Determine o(2).
24
Let x(t) = 28*t - 203. Let b(g) = -3*g + 20. Let o(a) = -21*b(a) - 2*x(a). Give o(3).
7
Let h = -2 + 5. Let y = 0 + h. Let r(p) = 2*p - 4 - y + 7*p**3 + 6. Determine r(1).
8
Suppose 3*t - 18 = -21. Let x(s) = -4*s + 2. What is x(t)?
6
Let w(l) = l**3 + 8*l**2 + 6*l - 5. Let v(p) = -p**3 + 9*p**2 - p + 2. Let b(m) = 2*m**3 - 15*m**2 + 8*m + 2. Let y be b(7). Let c be v(y). Give w(c).
2
Let h(r) be the third derivative of r**6/120 - r**5/20 - r**4/6 + r**3/3 + 4*r**2 - r. Determine h(4).
2
Let b = 4 - 2. Let z be 2/5 - 18/(-5). Let w(p) = 1 + 4 - z + 13*p - 12*p. Give w(b).
3
Let a(h) = h**3 - 4*h**2 - 4*h - 10. Let r = 52 - 47. Determine a(r).
-5
Let g be 4/(-24)*3 + (-76)/8. Let s(w) = w**2 + 13*w + 21. Give s(g).
-9
Let d(o) = -o + 3. Let m = -1 + 7. Suppose -2*i - 6*r + 2*r + m = 0, 0 = -5*r. Suppose -2*n = i*n - 20. Give d(n).
-1
Let y(k) be the first derivative of -k**4/4 - 8*k**3/3 + 5*k**2 + 4*k + 53. Calculate y(-9).
-5
Let f(r) = -r**3 - 3*r**2 + 8*r + 7. Suppose 0 = -2*d - 4*d + 12. Suppose 3*t = -12, -d = j + j - 2*t. Give f(j).
17
Let r be (-4 - (0 + -2)) + 4 - 0. Let a(i) be the second derivative of 5/2*i**r + i + 0 + 1/12*i**4 - i**3. Calculate a(6).
5
Let s be 5 - (-8 - (-75)/6). Let b(n) be the second derivative of s*n**2 + 0 - n**4 + 5*n + 0*n**3. Calculate b(1).
-11
Suppose 0*b = -3*b + 18. Let x(l) = -7*l**3 + 14*l**2 - 17*l - 13. Let a(m) = 11*m**3 - 21*m**2 + 26*m + 20. Let i(w) = 5*a(w) + 8*x(w). What is i(b)?
-4
Let d(t) = t + 5 + 0*t**3 - 4*t**3 + 4*t**2 + 3*t**3. Let k be (-2)/(-7) + (-354)/14. Let x = -21 - k. Calculate d(x).
9
Let o be 4 - (12/(-3) + 3). Suppose -4*l = -5*p - 0*p + o, p + 18 = -3*l. Let b(q) = q - 1. Let w(g) = -4*g + 10. Let k(s) = 5*b(s) + w(s). Give k(p).
2
Let o(c) = c**3 + 4*c**2 - 4*c - 6. Let l be (10 - 0)/(-1 + -1). Give o(l).
-11
Let h(d) = 9 + d - 9. Let m(n) = -7*n - 7. Suppose -33 = -j - 34. Let q(y) = j*m(y) - 5*h(y). What is q(-5)?
-3
Suppose 5*v - 14 = u - 6, -v - 14 = 5*u. Let t(q) = -q**3 + q**2 - 2*q. What is t(u)?
42
Let b(j) = j - 4. Let h(n) = 10 + n**2 + 0*n**2 - 7*n + 3*n**2 - 2*n**2. Let m be h(2). What is b(m)?
0
Let s(i) = -3*i**3 + 13*i**2 - 11*i + 1. Let y(u) = u**3 + 1. Let p(t) = -s(t) - 2*y(t). Determine p(12).
-15
Let w(v) = -5*v - 1. Let k be ((-57)/19)/(-1*3). Give w(k).
-6
Let m(v) = -v**3 - 13*v**2 + 2*v. Let b(s) = -s**3 - 12*s**2 + 2*s + 1. Let f(c) = -6*b(c) + 5*m(c). Determine f(-7).
8
Let h = -376 - -382. Let k(m) = m**3 - 7*m**2 + 5*m + 7. Determine k(h).
1
Let j(n) = 2*n - 5. Suppose -5*i - 3*i = 0. Let v be (3 - 3) + -3 + -1. Let q be (i + -2)*10/v. Determine j(q).
5
Let g(l) be the first derivative of -1/4*l**4 + 5*l + 4/3*l**3 - 1/2*l**2 + 9. What is g(4)?
1
Let p = -255 + 254. Let a(d) = -10*d - 1. What is a(p)?
9
Let k = 27 + -20. Let r(q) = 3*q - 14*q + 3*q + k*q + 3. Determine r(5).
-2
Let s(x) = -x**2 - 2*x + 2. Suppose -m = 2*m + 4*i - 15, 0 = i. Calculate s(m).
-33
Let o(k) = -k - 4. Let u be (0 + 2 + -3)*5. What is o(u)?
1
Let v(r) = -17*r**2 - 15*r + 20. Let d(l) = -10*l**2 - 8*l + 11. Let w(j) = -7*d(j) + 4*v(j). Suppose 0 = f + 3*k - k + 1, 0 = 3*f - 4*k - 17. Calculate w(f).
9
Let i(n) = 3*n**3 - 5*n**2 + 3*n - 2. Let k be i(2). Let v(j) = j**2 - 11*j + 8. What is v(k)?
-16
Let d(x) = x**2 + 1 + 14*x + 3*x**3 + 0*x - 12*x. Calculate d(2).
33
Let i(m) be the second derivative of m**3/3 - 7*m**2/2 + 24*m. What is i(-5)?
-17
Let b(k) = 2*k - 3. Let f be 57/12 - (-7)/28. Suppose 2*u = -f*i + 3*i, -i + 6 = 4*u. Let v(q) = 4*q - 2. Let m be v(u). What is b(m)?
9
Suppose 0 = 2*w + 4*l + 20, 2*l = -3*w - 26 - 4. Let t(r) = r**3 - r**2 + r + 1. Let x(m) = 7*m**3 + 3*m**2 - 5*m - 2. Let c(a) = -6*t(a) + x(a). What is c(w)?
2
Suppose 2*h + 3*q - 40 + 13 = 0, 20 = 2*h - 4*q. Let w(b) = 2*b**3 - 25*b**2 + 11*b + 4. Calculate w(h).
-8
Suppose w - 3*y = 2*y - 15, w - 1 = y. Suppose 3 + 2 = w*p. Let f be 5 + (p - 4)/3. Let z(l) = l**2 - 9*l + 6. Give z(f).
-14
Let f = -23 - -29. Let y be f/15 + 5/((-100)/(-112)). Let j(d) = -d**3 + 7*d**2 - 9*d + 3. What is j(y)?
-15
Let g = 9 + -4. Let p(x) = 4*x**3 - 7*x**2 - 4*x + 5. Let h(f) = -3*f**3 + 6*f**2 + 4*f - 5. Let o(b) = -3*h(b) - 2*p(b). Give o(g).
10
Let o(z) = z**3 - 13*z**2 - z - 25. Let v(i) = 2*i**3 - 23*i**2 - 4*i - 49. Let w(c) = 5*o(c) - 2*v(c). Determine w(19).
30
Suppose -4*w + j + 35 = 0, 5*j - 51 = -4*w + 14. Suppose -8 + 28 = -w*i. Let k(d) = 7*d**2 + 2*d - 2. Give k(i).
22
Suppose 0 = 3*h + 2 - 8. Let w(d) = -2*d**2 + h*d**2 + 7*d**3 - 4 + 3 - 2